{"id":453,"date":"2025-10-19T12:44:13","date_gmt":"2025-10-19T10:44:13","guid":{"rendered":"https:\/\/abcgf.pl\/?page_id=453"},"modified":"2025-11-25T20:45:03","modified_gmt":"2025-11-25T19:45:03","slug":"transport-drogowy-i-spedycja","status":"publish","type":"page","link":"https:\/\/abcgf.pl\/?page_id=453","title":{"rendered":"Transport drogowy i spedycja"},"content":{"rendered":"\n<p>Transport drobnicowy na terenie Polski i Unii Europejskiej<br>Oferujemy kompleksowe us\u0142ugi transportu drobnicowego, dopasowane do potrzeb klient\u00f3w w Polsce i ca\u0142ej Unii Europejskiej. Jako partner Polskiego systemu dystrybucji na Dolnym \u015al\u0105sku, gwarantujemy niezawodno\u015b\u0107 i terminowo\u015b\u0107 dostaw.<br>Nasza flota oraz do\u015bwiadczony zesp\u00f3\u0142 logistyczny umo\u017cliwiaj\u0105 przew\u00f3z zar\u00f3wno pojedynczych palet, jak i wi\u0119kszych \u0142adunk\u00f3w, zapewniaj\u0105c najwy\u017csz\u0105 jako\u015b\u0107 us\u0142ug.<\/p>\n\n\n\n<p>Transport do\u0142adunkowy oraz ca\u0142opojazdowy FTL na ca\u0142ym \u015bwiecie<br>Specjalizujemy si\u0119 w transporcie do\u0142adunkowym oraz ca\u0142opojazdowym FTL na rynkach globalnych.<br>Nasze us\u0142ugi obejmuj\u0105 szeroki zakres \u0142adunk\u00f3w, co pozwala na elastyczno\u015b\u0107 w dostosowywaniu ofert do potrzeb naszych klient\u00f3w. Dzi\u0119ki w\u0142asnej flocie oraz wsp\u00f3\u0142pracy z zaufanymi przewo\u017anikami, zapewniamy szybkie i efektywne dostawy, kt\u00f3re spe\u0142niaj\u0105 najwy\u017csze standardy jako\u015bciowe.<br><br><br><br><\/p>\n\n\n\n<figure class=\"wp-block-image size-large\"><img fetchpriority=\"high\" decoding=\"async\" width=\"1024\" height=\"683\" src=\"https:\/\/abcgf.pl\/wp-content\/uploads\/2025\/10\/nowy-tir-2-1024x683.png\" alt=\"\" class=\"wp-image-445\" srcset=\"https:\/\/abcgf.pl\/wp-content\/uploads\/2025\/10\/nowy-tir-2-1024x683.png 1024w, https:\/\/abcgf.pl\/wp-content\/uploads\/2025\/10\/nowy-tir-2-300x200.png 300w, https:\/\/abcgf.pl\/wp-content\/uploads\/2025\/10\/nowy-tir-2-768x512.png 768w, https:\/\/abcgf.pl\/wp-content\/uploads\/2025\/10\/nowy-tir-2.png 1248w\" sizes=\"(max-width: 1024px) 100vw, 1024px\" \/><\/figure>\n","protected":false},"excerpt":{"rendered":"<p>Transport drobnicowy na terenie Polski i Unii EuropejskiejOferujemy kompleksowe us\u0142ugi transportu drobnicowego, dopasowane do potrzeb klient\u00f3w w Polsce i ca\u0142ej Unii Europejskiej. Jako partner Polskiego systemu dystrybucji na Dolnym \u015al\u0105sku, gwarantujemy niezawodno\u015b\u0107 i terminowo\u015b\u0107 dostaw.Nasza flota oraz do\u015bwiadczony zesp\u00f3\u0142 logistyczny umo\u017cliwiaj\u0105 przew\u00f3z zar\u00f3wno pojedynczych palet, jak i wi\u0119kszych \u0142adunk\u00f3w, zapewniaj\u0105c najwy\u017csz\u0105 jako\u015b\u0107 us\u0142ug. Transport do\u0142adunkowy [&hellip;]<\/p>\n","protected":false},"author":1,"featured_media":0,"parent":0,"menu_order":0,"comment_status":"closed","ping_status":"closed","template":"","meta":{"saved_in_kubio":false,"_uag_custom_page_level_css":"","footnotes":""},"class_list":["post-453","page","type-page","status-publish","hentry"],"kubio_ai_page_context":{"short_desc":"","purpose":"general"},"uagb_featured_image_src":{"full":false,"thumbnail":false,"medium":false,"medium_large":false,"large":false,"1536x1536":false,"2048x2048":false,"kubio-fullhd":false},"uagb_author_info":{"display_name":"admin","author_link":"https:\/\/abcgf.pl\/?author=1"},"uagb_comment_info":0,"uagb_excerpt":"Transport drobnicowy na terenie Polski i Unii EuropejskiejOferujemy kompleksowe us\u0142ugi transportu drobnicowego, dopasowane do potrzeb klient\u00f3w w Polsce i ca\u0142ej Unii Europejskiej. Jako partner Polskiego systemu dystrybucji na Dolnym \u015al\u0105sku, gwarantujemy niezawodno\u015b\u0107 i terminowo\u015b\u0107 dostaw.Nasza flota oraz do\u015bwiadczony zesp\u00f3\u0142 logistyczny umo\u017cliwiaj\u0105 przew\u00f3z zar\u00f3wno pojedynczych palet, jak i wi\u0119kszych \u0142adunk\u00f3w, zapewniaj\u0105c najwy\u017csz\u0105 jako\u015b\u0107 us\u0142ug. Transport do\u0142adunkowy&hellip;","_links":{"self":[{"href":"https:\/\/abcgf.pl\/index.php?rest_route=\/wp\/v2\/pages\/453","targetHints":{"allow":["GET"]}}],"collection":[{"href":"https:\/\/abcgf.pl\/index.php?rest_route=\/wp\/v2\/pages"}],"about":[{"href":"https:\/\/abcgf.pl\/index.php?rest_route=\/wp\/v2\/types\/page"}],"author":[{"embeddable":true,"href":"https:\/\/abcgf.pl\/index.php?rest_route=\/wp\/v2\/users\/1"}],"replies":[{"embeddable":true,"href":"https:\/\/abcgf.pl\/index.php?rest_route=%2Fwp%2Fv2%2Fcomments&post=453"}],"version-history":[{"count":2,"href":"https:\/\/abcgf.pl\/index.php?rest_route=\/wp\/v2\/pages\/453\/revisions"}],"predecessor-version":[{"id":465,"href":"https:\/\/abcgf.pl\/index.php?rest_route=\/wp\/v2\/pages\/453\/revisions\/465"}],"wp:attachment":[{"href":"https:\/\/abcgf.pl\/index.php?rest_route=%2Fwp%2Fv2%2Fmedia&parent=453"}],"curies":[{"name":"wp","href":"https:\/\/api.w.org\/{rel}","templated":true}]}}

<p>Transport drobnicowy na terenie Polski i Unii Europejskiej<br>Oferujemy kompleksowe usługi transportu drobnicowego, dopasowane do potrzeb klientów w Polsce i całej Unii Europejskiej. Jako partner Polskiego systemu dystrybucji na Dolnym Śląsku, gwarantujemy niezawodność i terminowość dostaw.<br>Nasza flota oraz doświadczony zespół logistyczny umożliwiają przewóz zarówno pojedynczych palet, jak i większych ładunków, zapewniając najwyższą jakość usług.</p>



<p>Transport doładunkowy oraz całopojazdowy FTL na całym świecie<br>Specjalizujemy się w transporcie doładunkowym oraz całopojazdowym FTL na rynkach globalnych.<br>Nasze usługi obejmują szeroki zakres ładunków, co pozwala na elastyczność w dostosowywaniu ofert do potrzeb naszych klientów. Dzięki własnej flocie oraz współpracy z zaufanymi przewoźnikami, zapewniamy szybkie i efektywne dostawy, które spełniają najwyższe standardy jakościowe.<br><br><br><br></p>



<figure class="wp-block-image size-large"><img fetchpriority="high" decoding="async" width="1024" height="683" src="https://abcgf.pl/wp-content/uploads/2025/10/nowy-tir-2-1024x683.png" alt="" class="wp-image-445" srcset="https://abcgf.pl/wp-content/uploads/2025/10/nowy-tir-2-1024x683.png 1024w, https://abcgf.pl/wp-content/uploads/2025/10/nowy-tir-2-300x200.png 300w, https://abcgf.pl/wp-content/uploads/2025/10/nowy-tir-2-768x512.png 768w, https://abcgf.pl/wp-content/uploads/2025/10/nowy-tir-2.png 1248w" sizes="(max-width: 1024px) 100vw, 1024px" /></figure>

<p>Transport drobnicowy na terenie Polski i Unii EuropejskiejOferujemy kompleksowe usługi transportu drobnicowego, dopasowane do potrzeb klientów w Polsce i całej Unii Europejskiej. Jako partner Polskiego systemu dystrybucji na Dolnym Śląsku, gwarantujemy niezawodność i terminowość dostaw.Nasza flota oraz doświadczony zespół logistyczny umożliwiają przewóz zarówno pojedynczych palet, jak i większych ładunków, zapewniając najwyższą jakość usług. Transport doładunkowy [&hellip;]</p>

Transport drobnicowy na terenie Polski i Unii EuropejskiejOferujemy kompleksowe usługi transportu drobnicowego, dopasowane do potrzeb klientów w Polsce i całej Unii Europejskiej. Jako partner Polskiego systemu dystrybucji na Dolnym Śląsku, gwarantujemy niezawodność i terminowość dostaw.Nasza flota oraz doświadczony zespół logistyczny umożliwiają przewóz zarówno pojedynczych palet, jak i większych ładunków, zapewniając najwyższą jakość usług. Transport doładunkowy&hellip;
